alse
Is 99761 a composite number?
False
Is 76037 prime?
False
Is 43517 composite?
False
Is 3749 a prime number?
False
Is 12611 a composite number?
False
Is 126653 a composite number?
False
Is 45941 a prime number?
False
Is 133769 a composite number?
False
Is 59651 prime?
True
Is 758 composite?
True
Is 467 composite?
False
Is 6193 a prime number?
False
Is 743 a composite number?
False
Is 3208319 a composite number?
False
Is 3007 prime?
False
Is 388753 prime?
False
Is 119959 composite?
True
Is 31957 a prime number?
True
Is 38957 prime?
False
Is 24701 composite?
True
Is 3881 a prime number?
True
Is 35279 prime?
True
Is 78586 composite?
True
Is 523 composite?
False
Is 12829 a composite number?
False
Is 718043 a composite number?
False
Is 45861 prime?
False
Is 1895281 a prime number?
False
Is 122639 prime?
False
Is 29195 a composite number?
True
Is 1580141 composite?
False
Is 132997 composite?
True
Is 8621 a prime number?
False
Is 69413 prime?
False
Is 10599 composite?
True
Is 167395 a prime number?
False
Is 4541 composite?
True
Is 394931 a prime number?
True
Is 22809 a composite number?
True
Is 638867 prime?
False
Is 4327 prime?
True
Is 189269 a prime number?
False
Is 23365 a composite number?
True
Is 169574 a composite number?
True
Is 12247 composite?
True
Is 442727 prime?
False
Is 6119 prime?
False
Is 150845 a prime number?
False
Is 43655 a prime number?
False
Is 263 composite?
False
Is 72671 composite?
False
Is 716087 prime?
True
Is 270061 a prime number?
False
Is 99223 prime?
True
Is 319173 a prime number?
False
Is 6373 a composite number?
False
Is 628973 prime?
True
Is 13402 a composite number?
True
Is 52963 a composite number?
False
Is 2991329 composite?
True
Is 702067 a prime number?
True
Is 649 a prime number?
False
Is 1804085 a composite number?
True
Is 4763 a prime number?
False
Is 666209 a composite number?
True
Is 1116677 composite?
False
Is 120121 prime?
True
Is 53653 a composite number?
False
Is 65591 a composite number?
True
Is 5381 a prime number?
True
Is 3389 composite?
False
Is 60859 composite?
False
Is 1087 composite?
False
Is 172849 a prime number?
True
Is 799979 prime?
True
Is 2371 prime?
True
Is 3143 a prime number?
False
Is 2302 prime?
False
Is 92893 composite?
False
Is 302903 a prime number?
True
Is 116302 a prime number?
False
Is 9014 composite?
True
Is 320179 a composite number?
False
Is 451159 a prime number?
True
Is 90599 a composite number?
False
Is 906077 a composite number?
True
Is 112027 a prime number?
False
Is 257311 a prime number?
True
Is 310693 a composite number?
False
Is 8039 a composite number?
False
Is 422131 a composite number?
True
Is 403951 a composite number?
False
Is 126781 composite?
False
Is 241841 composite?
True
Is 37057 a composite number?
False
Is 611815 a composite number?
True
Is 2463 composite?
True
Is 6065 prime?
False
Is 432169 prime?
False
Is 59599 prime?
False
Is 4037 composite?
True
Is 28463 prime?
True
Is 275371 a prime number?
True
Is 43291 a composite number?
False
Is 4967 composite?
False
Is 1521193 a composite number?
False
Is 9533 a composite number?
False
Is 1598159 a prime number?
False
Is 25913 composite?
False
Is 4985 composite?
True
Is 13603 prime?
False
Is 18661 a prime number?
True
Is 34667 a composite number?
False
Is 2287891 composite?
False
Is 81281 a composite number?
False
Is 50287 a composite number?
False
Is 20249 a composite number?
False
Is 31763 a composite number?
True
Is 1869943 a prime number?
False
Is 9529 prime?
False
Is 445 a composite number?
True
Is 55021 composite?
False
Is 16573 a composite number?
False
Is 1829 prime?
False
Is 6805 a prime number?
False
Is 6791 a prime number?
True
Is 51149 composite?
True
Is 364027 a composite number?
False
Is 5581 prime?
True
Is 43987 composite?
False
Is 103217 composite?
False
Is 130894 prime?
False
Is 100787 composite?
False
Is 44999 a composite number?
True
Is 3734 prime?
False
Is 275689 prime?
False
Is 1609843 prime?
True
Is 6947 a prime number?
True
Is 2521 a prime number?
True
Is 31539 composite?
True
Is 162881 composite?
False
Is 6017 a prime number?
False
Is 126349 a prime number?
True
Is 90443 composite?
True
Is 157249 prime?
False
Is 25063 prime?
False
Is 478087 a composite number?
False
Is 1951897 composite?
True
Is 2237 prime?
True
Is 264553 prime?
True
Is 59135 prime?
False
Is 2609 a composite number?
False
Is 8419 a prime number?
True
Is 72167 a prime number?
True
Is 4337 composite?
False
Is 412249 composite?
False
Is 85597 a prime number?
True
Is 4533 a prime number?
False
Is 778187 a prime number?
True
Is 7663 prime?
False
Is 567367 prime?
True
Is 83303 a composite number?
True
Is 266921 a composite number?
False
Is 105218 a composite number?
True
Is 13637 a prime number?
False
Is 9895 a prime number?
False
Is 6463 a prime number?
False
Is 81794 prime?
False
Is 49253 composite?
False
Is 37823 a prime number?
False
Is 1648981 prime?
False
Is 195791 prime?
True
Is 511847 a composite number?
True
Is 2142163 composite?
False
Is 74845 prime?
False
Is 256143 a composite number?
True
Is 130423 composite?
False
Is 21955 prime?
False
Is 45303 composite?
True
Is 200885 composite?
True
Is 11423 a prime number?
True
Is 524497 a prime number?
True
Is 251609 composite?
False
Is 293629 composite?
True
Is 14095 composite?
True
Is 1828583 a composite number?
False
Is 102701 a composite number?
False
Is 6757 a composite number?
True
Is 1693 a prime number?
True
Is 284041 a composite number?
False
Is 373 a composite number?
False
Is 7069 a prime number?
True
Is 541 prime?
True
Is 1572019 a prime number?
False
Is 2074321 prime?
True
Is 206665 a prime number?
False
Is 2173 a composite number?
True
Is 59771 composite?
False
Is 41009 a composite number?
True
Is 2757577 composite?
False
Is 39415 composite?
True
Is 707 a composite number?
True
Is 387071 a composite number?
False
Is 554941 prime?
False
Is 1588243 composite?
True
Is 295 prime?
False
Is 147937 prime?
True
Is 20841 a prime number?
False
Is 10973 a composite number?
False
Is 1061 prime?
True
Is 3719 composite?
False
Is 10993 a composite number?
False
Is 28311 a prime number?
False
Is 24997 a prime number?
False
Is 5541 a composite number?
True
Is 37717 composite?
False
Is 26141 a composite number?
False
Is 14221 a prime number?
True
Is 48967 composite?
True
Is 72113 a prime number?
False
Is 289781 prime?
False
Is 49127 a composite number?
True
Is 110513 composite?
True
Is 50321 prime?
True
Is 7601 composite?
True
Is 10651 composite?
False
Is 101095 a composite number?
True
Is 26387 prime?
True
Is 15595 a prime number?
False
Is 10313 a composite number?
False
Is 15727 prime?
True
Is 20317 composite?
True
Is 334627 a composite number?
True
Is 152623 prime?
True
Is 3793 a prime number?
True
Is 21561 a composite number?
True
Is 7193 a composite number?
False
Is 31817 prime?
True
Is 1981 a prime number?
False
Is 33191 a composite number?
False
Is 16979 composite?
False
Is 171917 a prime number?
True
Is 167309 a composite number?
False
Is 5303 prime?
True
Is 7789 a composite number?
False
Is 40649 a prime number?
False
Is 52609 prime?
True
Is 41281 prime?
True
Is 11357 composite?
True
Is 471895 a prime number?
False
Is 415885 composite?
True
Is 751 composite?
False
Is 8147 composite?
False
Is 118651 composite?
True
Is 9941 composite?
False
Is 784687 a composite number?
False
Is 13523 prime?
True
Is 50741 a prime number?
True
Is 20633 prime?
False
Is 24851 a prime number?
True
Is 120755 a prime number?
False
Is 185 prime?
False
Is 37274 composite?
True
Is 70049 a composite number?
True
Is 224101 prime?
True
Is 1637 a prime number?
True
Is 235979 a composite number?
False
Is 438511 a prime number?
False
Is 1754 a composite number?
True
Is 70067 composite?
False
Is 496049 composite?
True
Is 138053 prime?
True
Is 581 composite?
True
Is 180231 a prime number?
False
Is 105019 prime?
True
Is 348731 prime?
True
Is 3493457 a composite number?
True
Is 319541 a composite number?
False
Is 167563 composite?
True
Is 147043 a prime number?
False
Is 2777 composite?
False
Is 1620071 a composite number?
False
Is 15593 a composite number?
True
Is 559 a composite number?
True
Is 10739 composite?
False
Is 12283 composite?
True
Is 107391 composite?
True
Is 9601 a prime number?
True
Is 1309